{"id":1257,"date":"2017-03-18T14:42:03","date_gmt":"2017-03-18T12:42:03","guid":{"rendered":"http:\/\/hangenhelmen.net\/?page_id=1257"},"modified":"2020-05-09T16:00:54","modified_gmt":"2020-05-09T13:00:54","slug":"hangenhelmen-ihmetys","status":"publish","type":"page","link":"https:\/\/hangenhelmen.net\/?page_id=1257","title":{"rendered":"Hangenhelmen Ihmetys"},"content":{"rendered":"<h1 style=\"text-align: center;\">Hangenhelmen Ihmetys<\/h1>\n<p>[ngg src=&#8221;galleries&#8221; ids=&#8221;21&#8243; display=&#8221;basic_slideshow&#8221;]<\/p>\n<table style=\"border: 0px solid #999;\" width=\"98%\" cellspacing=\"1\" cellpadding=\"5\">\n<tbody>\n<tr>\n<td bgcolor=\"#cccccc\" width=\"20%\"><b>virallinen nimi<\/b><\/td>\n<td bgcolor=\"#ffffff\" width=\"30%\">Hangenhelmen Ihmetys<\/td>\n<td bgcolor=\"#cccccc\" width=\"20%\"><b>lonkat<\/b><\/td>\n<td bgcolor=\"#ffffff\" width=\"30%\">A\/A<\/td>\n<\/tr>\n<tr>\n<td bgcolor=\"#cccccc\" width=\"20%\"><b>kutsumanimi<\/b><\/td>\n<td bgcolor=\"#ffffff\" width=\"30%\">Ihme<\/td>\n<td bgcolor=\"#cccccc\" width=\"20%\"><b>silm\u00e4t<\/b><\/td>\n<td bgcolor=\"#ffffff\" width=\"30%\">ok<\/td>\n<\/tr>\n<tr>\n<td bgcolor=\"#cccccc\" width=\"20%\"><b>Syntym\u00e4aika<\/b><\/td>\n<td bgcolor=\"#ffffff\" width=\"30%\">8.12.2016<\/td>\n<td bgcolor=\"#cccccc\" width=\"20%\"><b>Sukupuoli<\/b><\/td>\n<td bgcolor=\"#ffffff\" width=\"30%\">Narttu<\/td>\n<\/tr>\n<\/tbody>\n<\/table>\n<p>Ihme j\u00e4i laumaamme valjakon vahvistukseksi pitk\u00e4n harkinnan j\u00e4lkeen. \u00c4itilt\u00e4\u00e4n peritty p\u00e4\u00e4tt\u00e4v\u00e4isyys ja matala h\u00e4iri\u00f6herkkyys, sek\u00e4 kummankin vanhemman ty\u00f6motivaatio tuntuvat l\u00f6ytyv\u00e4n t\u00e4st\u00e4 tyt\u00f6st\u00e4. Ihme on osoittautunut erinomaiseksi johtajaksi nuoresta i\u00e4st\u00e4\u00e4n (9 kk) huolimatta. Tasainen ja leikkis\u00e4 tytt\u00f6 tulee toimeen kaikkien kanssa, vaikka omanarvontuntoakin l\u00f6ytyy. Ihme on aloittanut rekikoiran uransa osoittaen erinomaista ty\u00f6motivaatiota ja ensimm\u00e4iselt\u00e4 kaudelta saaliina on jo sprintin ykk\u00f6stuloksia. Ihme juoksi johtajana vuoden 2018 SM-sprintin voittaja-valjakossa.<\/p>\n<p>Ihme on jatkanut menoaan valjakon johtajana useinmiten Hunnin vierell\u00e4 ja t\u00e4m\u00e4 parivaljakko onkin nuoresta i\u00e4st\u00e4\u00e4n huolimatta vienyt valjakkoamme mm Ruotsissa 2019. Ihme on tasapainoinen, hieman kevyentyyppisempi narttu, joka on varsin tasapainoinen. Ihme on voimakkaasti keksins\u00e4vyinen.<\/p>\n","protected":false},"excerpt":{"rendered":"<p>Hangenhelmen Ihmetys [ngg src=&#8221;galleries&#8221; ids=&#8221;21&#8243; display=&#8221;basic_slideshow&#8221;] virallinen nimi Hangenhelmen Ihmetys lonkat A\/A kutsumanimi Ihme silm\u00e4t ok Syntym\u00e4aika 8.12.2016 Sukupuoli Narttu Ihme j\u00e4i laumaamme valjakon vahvistukseksi pitk\u00e4n harkinnan j\u00e4lkeen. \u00c4itilt\u00e4\u00e4n peritty p\u00e4\u00e4tt\u00e4v\u00e4isyys ja matala h\u00e4iri\u00f6herkkyys, sek\u00e4 kummankin vanhemman ty\u00f6motivaatio tuntuvat l\u00f6ytyv\u00e4n &hellip; <a href=\"https:\/\/hangenhelmen.net\/?page_id=1257\">Lue loppuun <span class=\"meta-nav\">&rarr;<\/span><\/a><\/p>\n","protected":false},"author":1,"featured_media":0,"parent":0,"menu_order":0,"comment_status":"closed","ping_status":"closed","template":"","meta":[],"_links":{"self":[{"href":"https:\/\/hangenhelmen.net\/index.php?rest_route=\/wp\/v2\/pages\/1257"}],"collection":[{"href":"https:\/\/hangenhelmen.net\/index.php?rest_route=\/wp\/v2\/pages"}],"about":[{"href":"https:\/\/hangenhelmen.net\/index.php?rest_route=\/wp\/v2\/types\/page"}],"author":[{"embeddable":true,"href":"https:\/\/hangenhelmen.net\/index.php?rest_route=\/wp\/v2\/users\/1"}],"replies":[{"embeddable":true,"href":"https:\/\/hangenhelmen.net\/index.php?rest_route=%2Fwp%2Fv2%2Fcomments&post=1257"}],"version-history":[{"count":7,"href":"https:\/\/hangenhelmen.net\/index.php?rest_route=\/wp\/v2\/pages\/1257\/revisions"}],"predecessor-version":[{"id":1923,"href":"https:\/\/hangenhelmen.net\/index.php?rest_route=\/wp\/v2\/pages\/1257\/revisions\/1923"}],"wp:attachment":[{"href":"https:\/\/hangenhelmen.net\/index.php?rest_route=%2Fwp%2Fv2%2Fmedia&parent=1257"}],"curies":[{"name":"wp","href":"https:\/\/api.w.org\/{rel}","templated":true}]}}