{"id":545,"date":"2016-03-08T19:33:36","date_gmt":"2016-03-08T17:33:36","guid":{"rendered":"http:\/\/hangenhelmen.net\/?page_id=545"},"modified":"2020-05-08T19:32:36","modified_gmt":"2020-05-08T16:32:36","slug":"b-pentue","status":"publish","type":"page","link":"https:\/\/hangenhelmen.net\/?page_id=545","title":{"rendered":"B-pentue"},"content":{"rendered":"<p>B-pentuetta suunnitellessa oli jo kiinnostus valjakkourheiluun syttynyt, joten Dino (Akemoss Bamaus) valikoitui Mantran pariksi, sill\u00e4 Dino oli hyv\u00e4 tekem\u00e4\u00e4n t\u00f6it\u00e4 harrastevaljakossa ja sill\u00e4 oli jo mukavasti terveit\u00e4 j\u00e4lkel\u00e4isi\u00e4. My\u00f6s Dinon is\u00e4 oli hyv\u00e4 rekikoira aikanaan. Toki Mantrakin oli jo osoittanut vetohalukkuutensa pentuetta suunnitellessa. T\u00e4m\u00e4n pentueen tulokset ovat olleet upeita, ja hieman historiallisiakin. Kaikilla pentueen koirilla on v\u00e4hint\u00e4\u00e4n kakkostulos ja kolme on k\u00e4ytt\u00f6valioita. Lis\u00e4ksi Buhuri on Suomen ensimm\u00e4inen, nykyisill\u00e4 s\u00e4\u00e4nn\u00f6ill\u00e4 Ruotsin muotovalion arvon saavuttanut samojedi.<\/p>\n<p>&nbsp;<\/p>\n\n\n[ngg src=&#8221;galleries&#8221; ids=&#8221;6&#8243; display=&#8221;basic_slideshow&#8221;]\n\n\n\n<p>[table id=3 \/]<\/p>\n","protected":false},"excerpt":{"rendered":"<p>B-pentuetta suunnitellessa oli jo kiinnostus valjakkourheiluun syttynyt, joten Dino (Akemoss Bamaus) valikoitui Mantran pariksi, sill\u00e4 Dino oli hyv\u00e4 tekem\u00e4\u00e4n t\u00f6it\u00e4 harrastevaljakossa ja sill\u00e4 oli jo mukavasti terveit\u00e4 j\u00e4lkel\u00e4isi\u00e4. My\u00f6s Dinon is\u00e4 oli hyv\u00e4 rekikoira aikanaan. Toki Mantrakin oli jo osoittanut &hellip; <a href=\"https:\/\/hangenhelmen.net\/?page_id=545\">Lue loppuun <span class=\"meta-nav\">&rarr;<\/span><\/a><\/p>\n","protected":false},"author":1,"featured_media":0,"parent":0,"menu_order":0,"comment_status":"closed","ping_status":"closed","template":"","meta":[],"_links":{"self":[{"href":"https:\/\/hangenhelmen.net\/index.php?rest_route=\/wp\/v2\/pages\/545"}],"collection":[{"href":"https:\/\/hangenhelmen.net\/index.php?rest_route=\/wp\/v2\/pages"}],"about":[{"href":"https:\/\/hangenhelmen.net\/index.php?rest_route=\/wp\/v2\/types\/page"}],"author":[{"embeddable":true,"href":"https:\/\/hangenhelmen.net\/index.php?rest_route=\/wp\/v2\/users\/1"}],"replies":[{"embeddable":true,"href":"https:\/\/hangenhelmen.net\/index.php?rest_route=%2Fwp%2Fv2%2Fcomments&post=545"}],"version-history":[{"count":7,"href":"https:\/\/hangenhelmen.net\/index.php?rest_route=\/wp\/v2\/pages\/545\/revisions"}],"predecessor-version":[{"id":1717,"href":"https:\/\/hangenhelmen.net\/index.php?rest_route=\/wp\/v2\/pages\/545\/revisions\/1717"}],"wp:attachment":[{"href":"https:\/\/hangenhelmen.net\/index.php?rest_route=%2Fwp%2Fv2%2Fmedia&parent=545"}],"curies":[{"name":"wp","href":"https:\/\/api.w.org\/{rel}","templated":true}]}}