{"id":551,"date":"2016-03-08T19:48:58","date_gmt":"2016-03-08T17:48:58","guid":{"rendered":"http:\/\/hangenhelmen.net\/?page_id=551"},"modified":"2020-05-08T20:00:43","modified_gmt":"2020-05-08T17:00:43","slug":"e-pentue","status":"publish","type":"page","link":"https:\/\/hangenhelmen.net\/?page_id=551","title":{"rendered":"E-pentue"},"content":{"rendered":"<p>E-pentue on ensimm\u00e4inen itse kasvattamamme nartun pentue. Wilma on eritt\u00e4in hyv\u00e4 ty\u00f6koira ja sit\u00e4 sen toivottiin j\u00e4tt\u00e4v\u00e4n my\u00f6s lapsilleen. Is\u00e4lt\u00e4 haettiin hyv\u00e4\u00e4 lonkkaa ja terveit\u00e4 silmi\u00e4, jolloin urokseksi valikoitui Saita (Helminauhan L\u00f6ylyn Henki). Lis\u00e4ksi Saitalla on k\u00e4ytt\u00f6koetuloksia. Pentuihin on periytynyt upeasti vetokyky ja niill\u00e4 on hienoja tuloksia urilta, yksi pennuista on k\u00e4ytt\u00f6valio ja kaksinkertainen Suomenmestari (SM-REK-4-16 ja SM-REK-4-17). Omissa valjakoissamme tuloksia on juossut kolme n\u00e4ist\u00e4 pennuista.<\/p>\n<p>&nbsp;<\/p>\n\n\n[ngg src=&#8221;galleries&#8221; ids=&#8221;9&#8243; display=&#8221;basic_slideshow&#8221;]\n\n\n\n<p>[table id=6 \/]<\/p>\n","protected":false},"excerpt":{"rendered":"<p>E-pentue on ensimm\u00e4inen itse kasvattamamme nartun pentue. Wilma on eritt\u00e4in hyv\u00e4 ty\u00f6koira ja sit\u00e4 sen toivottiin j\u00e4tt\u00e4v\u00e4n my\u00f6s lapsilleen. Is\u00e4lt\u00e4 haettiin hyv\u00e4\u00e4 lonkkaa ja terveit\u00e4 silmi\u00e4, jolloin urokseksi valikoitui Saita (Helminauhan L\u00f6ylyn Henki). Lis\u00e4ksi Saitalla on k\u00e4ytt\u00f6koetuloksia. Pentuihin on periytynyt &hellip; <a href=\"https:\/\/hangenhelmen.net\/?page_id=551\">Lue loppuun <span class=\"meta-nav\">&rarr;<\/span><\/a><\/p>\n","protected":false},"author":1,"featured_media":0,"parent":0,"menu_order":0,"comment_status":"closed","ping_status":"closed","template":"","meta":[],"_links":{"self":[{"href":"https:\/\/hangenhelmen.net\/index.php?rest_route=\/wp\/v2\/pages\/551"}],"collection":[{"href":"https:\/\/hangenhelmen.net\/index.php?rest_route=\/wp\/v2\/pages"}],"about":[{"href":"https:\/\/hangenhelmen.net\/index.php?rest_route=\/wp\/v2\/types\/page"}],"author":[{"embeddable":true,"href":"https:\/\/hangenhelmen.net\/index.php?rest_route=\/wp\/v2\/users\/1"}],"replies":[{"embeddable":true,"href":"https:\/\/hangenhelmen.net\/index.php?rest_route=%2Fwp%2Fv2%2Fcomments&post=551"}],"version-history":[{"count":8,"href":"https:\/\/hangenhelmen.net\/index.php?rest_route=\/wp\/v2\/pages\/551\/revisions"}],"predecessor-version":[{"id":1761,"href":"https:\/\/hangenhelmen.net\/index.php?rest_route=\/wp\/v2\/pages\/551\/revisions\/1761"}],"wp:attachment":[{"href":"https:\/\/hangenhelmen.net\/index.php?rest_route=%2Fwp%2Fv2%2Fmedia&parent=551"}],"curies":[{"name":"wp","href":"https:\/\/api.w.org\/{rel}","templated":true}]}}